{"id":233886,"date":"2023-10-26T11:33:32","date_gmt":"2023-10-26T08:33:32","guid":{"rendered":"https:\/\/va-varuste.fi\/tuote\/va-caravan\/"},"modified":"2026-03-25T13:27:11","modified_gmt":"2026-03-25T11:27:11","slug":"va-caravan","status":"publish","type":"product","link":"https:\/\/va-varuste.fi\/sv\/produkt\/va-caravan\/","title":{"rendered":"VA-Caravan S\u00e4songsskydd"},"content":{"rendered":"<p>VA-Caravan \u00e4r ett m\u00e5ttbest\u00e4llt s\u00e4songsskydd f\u00f6r husbilar och husvagnar. S\u00e4songsskyddet skyddar fordonet effektivt under vintern och andra uppst\u00e4llningsperioder mot v\u00e4der, UV-str\u00e5lning, fukt och smuts.<\/p>\n<p>Skyddet \u00e4r tillverkat av h\u00e5llbart PVC\/PU-belagt tyg med en Exel Composites glasfiberram. Det klarar 30\u201340 cm sn\u00f6last. Vikt cirka 15 kg beroende p\u00e5 storlek.<\/p>\n<p>Varje VA-Caravan s\u00e4songsskydd tillverkas efter m\u00e5tt, vilket s\u00e4kerst\u00e4ller en exakt passform f\u00f6r fordonet. Skyddet har handtag f\u00f6r transport och montering. Monteringen kan utf\u00f6ras av en person.<\/p>\n<p>Ett s\u00e4songsskydd f\u00f6rl\u00e4nger fordonets livsl\u00e4ngd avsev\u00e4rt genom att skydda tak, v\u00e4ggar och f\u00f6nster mot p\u00e5frestningar. Reservdelar inklusive aluminiumprofiler, glasfiberr\u00f6r, fix-band, takremmar och andra tillbeh\u00f6r finns tillg\u00e4ngliga separat.<\/p>\n","protected":false},"excerpt":{"rendered":"<p>VA-Caravan m\u00e5ttbest\u00e4llt s\u00e4songsskydd f\u00f6r husbilar och husvagnar. PVC\/PU-tyg, glasfiberram, klarar 30\u201340 cm sn\u00f6last.<\/p>\n","protected":false},"featured_media":217422,"template":"","meta":[],"product_brand":[],"product_cat":[624,641],"product_tag":[],"class_list":{"0":"post-233886","1":"product","2":"type-product","3":"status-publish","4":"has-post-thumbnail","6":"product_cat-alla-produkter","7":"product_cat-va-caravan-tillbehor","9":"first","10":"instock","11":"taxable","12":"shipping-taxable","13":"purchasable","14":"product-type-variable"},"yoast_head":"<!-- This site is optimized with the Yoast SEO plugin v27.4 - https:\/\/yoast.com\/product\/yoast-seo-wordpress\/ -->\n<title>VA-Caravan s\u00e4songsskydd f\u00f6r husbilar | VA-Varuste<\/title>\n<meta name=\"description\" content=\"VA-Caravan m\u00e5ttbest\u00e4llt s\u00e4songsskydd f\u00f6r husbilar och husvagnar. PVC\/PU-tyg, glasfiberram, 30\u201340 cm sn\u00f6last. Best\u00e4ll fr\u00e5n VA-Varuste.\" \/>\n<meta name=\"robots\" content=\"index, follow, max-snippet:-1, max-image-preview:large, max-video-preview:-1\" \/>\n<link rel=\"canonical\" href=\"https:\/\/va-varuste.fi\/tuote\/va-caravan\/\" \/>\n<meta property=\"og:locale\" content=\"sv_SE\" \/>\n<meta property=\"og:type\" content=\"article\" \/>\n<meta property=\"og:title\" content=\"VA-Caravan s\u00e4songsskydd f\u00f6r husbilar | VA-Varuste\" \/>\n<meta property=\"og:description\" content=\"VA-Caravan m\u00e5ttbest\u00e4llt s\u00e4songsskydd f\u00f6r husbilar och husvagnar. PVC\/PU-tyg, glasfiberram, 30\u201340 cm sn\u00f6last. Best\u00e4ll fr\u00e5n VA-Varuste.\" \/>\n<meta property=\"og:url\" content=\"https:\/\/va-varuste.fi\/tuote\/va-caravan\/\" \/>\n<meta property=\"og:site_name\" content=\"VA-Varuste\" \/>\n<meta property=\"article:publisher\" content=\"https:\/\/www.facebook.com\/vavarustefi\/\" \/>\n<meta property=\"article:modified_time\" content=\"2026-03-25T11:27:11+00:00\" \/>\n<meta property=\"og:image\" content=\"https:\/\/va-varuste.fi\/wp-content\/uploads\/2023\/10\/image_188.jpg\" \/>\n\t<meta property=\"og:image:width\" content=\"940\" \/>\n\t<meta property=\"og:image:height\" content=\"563\" \/>\n\t<meta property=\"og:image:type\" content=\"image\/jpeg\" \/>\n<meta name=\"twitter:card\" content=\"summary_large_image\" \/>\n<meta name=\"twitter:label1\" content=\"Ber\u00e4knad l\u00e4stid\" \/>\n\t<meta name=\"twitter:data1\" content=\"1 minut\" \/>\n<script type=\"application\/ld+json\" class=\"yoast-schema-graph\">{\"@context\":\"https:\\\/\\\/schema.org\",\"@graph\":[{\"@type\":\"WebPage\",\"@id\":\"https:\\\/\\\/va-varuste.fi\\\/tuote\\\/va-caravan\\\/\",\"url\":\"https:\\\/\\\/va-varuste.fi\\\/tuote\\\/va-caravan\\\/\",\"name\":\"VA-Caravan s\u00e4songsskydd f\u00f6r husbilar | VA-Varuste\",\"isPartOf\":{\"@id\":\"https:\\\/\\\/va-varuste.fi\\\/#website\"},\"primaryImageOfPage\":{\"@id\":\"https:\\\/\\\/va-varuste.fi\\\/tuote\\\/va-caravan\\\/#primaryimage\"},\"image\":{\"@id\":\"https:\\\/\\\/va-varuste.fi\\\/tuote\\\/va-caravan\\\/#primaryimage\"},\"thumbnailUrl\":\"https:\\\/\\\/va-varuste.fi\\\/wp-content\\\/uploads\\\/2023\\\/10\\\/image_188.jpg\",\"datePublished\":\"2023-10-26T08:33:32+00:00\",\"dateModified\":\"2026-03-25T11:27:11+00:00\",\"description\":\"VA-Caravan m\u00e5ttbest\u00e4llt s\u00e4songsskydd f\u00f6r husbilar och husvagnar. PVC\\\/PU-tyg, glasfiberram, 30\u201340 cm sn\u00f6last. Best\u00e4ll fr\u00e5n VA-Varuste.\",\"breadcrumb\":{\"@id\":\"https:\\\/\\\/va-varuste.fi\\\/tuote\\\/va-caravan\\\/#breadcrumb\"},\"inLanguage\":\"sv-SE\",\"potentialAction\":[{\"@type\":\"ReadAction\",\"target\":[\"https:\\\/\\\/va-varuste.fi\\\/tuote\\\/va-caravan\\\/\"]}]},{\"@type\":\"ImageObject\",\"inLanguage\":\"sv-SE\",\"@id\":\"https:\\\/\\\/va-varuste.fi\\\/tuote\\\/va-caravan\\\/#primaryimage\",\"url\":\"https:\\\/\\\/va-varuste.fi\\\/wp-content\\\/uploads\\\/2023\\\/10\\\/image_188.jpg\",\"contentUrl\":\"https:\\\/\\\/va-varuste.fi\\\/wp-content\\\/uploads\\\/2023\\\/10\\\/image_188.jpg\",\"width\":940,\"height\":563},{\"@type\":\"BreadcrumbList\",\"@id\":\"https:\\\/\\\/va-varuste.fi\\\/tuote\\\/va-caravan\\\/#breadcrumb\",\"itemListElement\":[{\"@type\":\"ListItem\",\"position\":1,\"name\":\"Etusivu\",\"item\":\"https:\\\/\\\/va-varuste.fi\\\/sv\\\/\"},{\"@type\":\"ListItem\",\"position\":2,\"name\":\"Webbutik\",\"item\":\"https:\\\/\\\/va-varuste.fi\\\/sv\\\/webbutik\\\/\"},{\"@type\":\"ListItem\",\"position\":3,\"name\":\"VA-Caravan S\u00e4songsskydd\"}]},{\"@type\":\"WebSite\",\"@id\":\"https:\\\/\\\/va-varuste.fi\\\/#website\",\"url\":\"https:\\\/\\\/va-varuste.fi\\\/\",\"name\":\"VA-Varuste\",\"description\":\"\",\"publisher\":{\"@id\":\"https:\\\/\\\/va-varuste.fi\\\/#organization\"},\"potentialAction\":[{\"@type\":\"SearchAction\",\"target\":{\"@type\":\"EntryPoint\",\"urlTemplate\":\"https:\\\/\\\/va-varuste.fi\\\/?s={search_term_string}\"},\"query-input\":{\"@type\":\"PropertyValueSpecification\",\"valueRequired\":true,\"valueName\":\"search_term_string\"}}],\"inLanguage\":\"sv-SE\"},{\"@type\":\"Organization\",\"@id\":\"https:\\\/\\\/va-varuste.fi\\\/#organization\",\"name\":\"VA-Varuste\",\"url\":\"https:\\\/\\\/va-varuste.fi\\\/\",\"logo\":{\"@type\":\"ImageObject\",\"inLanguage\":\"sv-SE\",\"@id\":\"https:\\\/\\\/va-varuste.fi\\\/#\\\/schema\\\/logo\\\/image\\\/\",\"url\":\"https:\\\/\\\/va-varuste.fi\\\/wp-content\\\/uploads\\\/2023\\\/09\\\/va-logo.svg\",\"contentUrl\":\"https:\\\/\\\/va-varuste.fi\\\/wp-content\\\/uploads\\\/2023\\\/09\\\/va-logo.svg\",\"caption\":\"VA-Varuste\"},\"image\":{\"@id\":\"https:\\\/\\\/va-varuste.fi\\\/#\\\/schema\\\/logo\\\/image\\\/\"},\"sameAs\":[\"https:\\\/\\\/www.facebook.com\\\/vavarustefi\\\/\",\"https:\\\/\\\/www.instagram.com\\\/vavaruste\\\/\"]}]}<\/script>\n<!-- \/ Yoast SEO plugin. -->","yoast_head_json":{"title":"VA-Caravan s\u00e4songsskydd f\u00f6r husbilar | VA-Varuste","description":"VA-Caravan m\u00e5ttbest\u00e4llt s\u00e4songsskydd f\u00f6r husbilar och husvagnar. PVC\/PU-tyg, glasfiberram, 30\u201340 cm sn\u00f6last. Best\u00e4ll fr\u00e5n VA-Varuste.","robots":{"index":"index","follow":"follow","max-snippet":"max-snippet:-1","max-image-preview":"max-image-preview:large","max-video-preview":"max-video-preview:-1"},"canonical":"https:\/\/va-varuste.fi\/tuote\/va-caravan\/","og_locale":"sv_SE","og_type":"article","og_title":"VA-Caravan s\u00e4songsskydd f\u00f6r husbilar | VA-Varuste","og_description":"VA-Caravan m\u00e5ttbest\u00e4llt s\u00e4songsskydd f\u00f6r husbilar och husvagnar. PVC\/PU-tyg, glasfiberram, 30\u201340 cm sn\u00f6last. Best\u00e4ll fr\u00e5n VA-Varuste.","og_url":"https:\/\/va-varuste.fi\/tuote\/va-caravan\/","og_site_name":"VA-Varuste","article_publisher":"https:\/\/www.facebook.com\/vavarustefi\/","article_modified_time":"2026-03-25T11:27:11+00:00","og_image":[{"width":940,"height":563,"url":"https:\/\/va-varuste.fi\/wp-content\/uploads\/2023\/10\/image_188.jpg","type":"image\/jpeg"}],"twitter_card":"summary_large_image","twitter_misc":{"Ber\u00e4knad l\u00e4stid":"1 minut"},"schema":{"@context":"https:\/\/schema.org","@graph":[{"@type":"WebPage","@id":"https:\/\/va-varuste.fi\/tuote\/va-caravan\/","url":"https:\/\/va-varuste.fi\/tuote\/va-caravan\/","name":"VA-Caravan s\u00e4songsskydd f\u00f6r husbilar | VA-Varuste","isPartOf":{"@id":"https:\/\/va-varuste.fi\/#website"},"primaryImageOfPage":{"@id":"https:\/\/va-varuste.fi\/tuote\/va-caravan\/#primaryimage"},"image":{"@id":"https:\/\/va-varuste.fi\/tuote\/va-caravan\/#primaryimage"},"thumbnailUrl":"https:\/\/va-varuste.fi\/wp-content\/uploads\/2023\/10\/image_188.jpg","datePublished":"2023-10-26T08:33:32+00:00","dateModified":"2026-03-25T11:27:11+00:00","description":"VA-Caravan m\u00e5ttbest\u00e4llt s\u00e4songsskydd f\u00f6r husbilar och husvagnar. PVC\/PU-tyg, glasfiberram, 30\u201340 cm sn\u00f6last. Best\u00e4ll fr\u00e5n VA-Varuste.","breadcrumb":{"@id":"https:\/\/va-varuste.fi\/tuote\/va-caravan\/#breadcrumb"},"inLanguage":"sv-SE","potentialAction":[{"@type":"ReadAction","target":["https:\/\/va-varuste.fi\/tuote\/va-caravan\/"]}]},{"@type":"ImageObject","inLanguage":"sv-SE","@id":"https:\/\/va-varuste.fi\/tuote\/va-caravan\/#primaryimage","url":"https:\/\/va-varuste.fi\/wp-content\/uploads\/2023\/10\/image_188.jpg","contentUrl":"https:\/\/va-varuste.fi\/wp-content\/uploads\/2023\/10\/image_188.jpg","width":940,"height":563},{"@type":"BreadcrumbList","@id":"https:\/\/va-varuste.fi\/tuote\/va-caravan\/#breadcrumb","itemListElement":[{"@type":"ListItem","position":1,"name":"Etusivu","item":"https:\/\/va-varuste.fi\/sv\/"},{"@type":"ListItem","position":2,"name":"Webbutik","item":"https:\/\/va-varuste.fi\/sv\/webbutik\/"},{"@type":"ListItem","position":3,"name":"VA-Caravan S\u00e4songsskydd"}]},{"@type":"WebSite","@id":"https:\/\/va-varuste.fi\/#website","url":"https:\/\/va-varuste.fi\/","name":"VA-Varuste","description":"","publisher":{"@id":"https:\/\/va-varuste.fi\/#organization"},"potentialAction":[{"@type":"SearchAction","target":{"@type":"EntryPoint","urlTemplate":"https:\/\/va-varuste.fi\/?s={search_term_string}"},"query-input":{"@type":"PropertyValueSpecification","valueRequired":true,"valueName":"search_term_string"}}],"inLanguage":"sv-SE"},{"@type":"Organization","@id":"https:\/\/va-varuste.fi\/#organization","name":"VA-Varuste","url":"https:\/\/va-varuste.fi\/","logo":{"@type":"ImageObject","inLanguage":"sv-SE","@id":"https:\/\/va-varuste.fi\/#\/schema\/logo\/image\/","url":"https:\/\/va-varuste.fi\/wp-content\/uploads\/2023\/09\/va-logo.svg","contentUrl":"https:\/\/va-varuste.fi\/wp-content\/uploads\/2023\/09\/va-logo.svg","caption":"VA-Varuste"},"image":{"@id":"https:\/\/va-varuste.fi\/#\/schema\/logo\/image\/"},"sameAs":["https:\/\/www.facebook.com\/vavarustefi\/","https:\/\/www.instagram.com\/vavaruste\/"]}]}},"_links":{"self":[{"href":"https:\/\/va-varuste.fi\/sv\/wp-json\/wp\/v2\/product\/233886","targetHints":{"allow":["GET"]}}],"collection":[{"href":"https:\/\/va-varuste.fi\/sv\/wp-json\/wp\/v2\/product"}],"about":[{"href":"https:\/\/va-varuste.fi\/sv\/wp-json\/wp\/v2\/types\/product"}],"wp:featuredmedia":[{"embeddable":true,"href":"https:\/\/va-varuste.fi\/sv\/wp-json\/wp\/v2\/media\/217422"}],"wp:attachment":[{"href":"https:\/\/va-varuste.fi\/sv\/wp-json\/wp\/v2\/media?parent=233886"}],"wp:term":[{"taxonomy":"product_brand","embeddable":true,"href":"https:\/\/va-varuste.fi\/sv\/wp-json\/wp\/v2\/product_brand?post=233886"},{"taxonomy":"product_cat","embeddable":true,"href":"https:\/\/va-varuste.fi\/sv\/wp-json\/wp\/v2\/product_cat?post=233886"},{"taxonomy":"product_tag","embeddable":true,"href":"https:\/\/va-varuste.fi\/sv\/wp-json\/wp\/v2\/product_tag?post=233886"}],"curies":[{"name":"wp","href":"https:\/\/api.w.org\/{rel}","templated":true}]}}

VA-Caravan Säsongsskydd

<p>VA-Caravan är ett måttbeställt säsongsskydd för husbilar och husvagnar. Säsongsskyddet skyddar fordonet effektivt under vintern och andra uppställningsperioder mot väder, UV-strålning, fukt och smuts.</p>
<p>Skyddet är tillverkat av hållbart PVC/PU-belagt tyg med en Exel Composites glasfiberram. Det klarar 30–40 cm snölast. Vikt cirka 15 kg beroende på storlek.</p>
<p>Varje VA-Caravan säsongsskydd tillverkas efter mått, vilket säkerställer en exakt passform för fordonet. Skyddet har handtag för transport och montering. Monteringen kan utföras av en person.</p>
<p>Ett säsongsskydd förlänger fordonets livslängd avsevärt genom att skydda tak, väggar och fönster mot påfrestningar. Reservdelar inklusive aluminiumprofiler, glasfiberrör, fix-band, takremmar och andra tillbehör finns tillgängliga separat.</p>

<p>VA-Caravan måttbeställt säsongsskydd för husbilar och husvagnar. PVC/PU-tyg, glasfiberram, klarar 30–40 cm snölast.</p>

<!-- This site is optimized with the Yoast SEO plugin v27.4 - https://yoast.com/product/yoast-seo-wordpress/ -->
<title>VA-Caravan säsongsskydd för husbilar | VA-Varuste</title>
<meta name="description" content="VA-Caravan måttbeställt säsongsskydd för husbilar och husvagnar. PVC/PU-tyg, glasfiberram, 30–40 cm snölast. Beställ från VA-Varuste." />
<meta name="robots" content="index, follow, max-snippet:-1, max-image-preview:large, max-video-preview:-1" />
<link rel="canonical" href="https://va-varuste.fi/tuote/va-caravan/" />
<meta property="og:locale" content="sv_SE" />
<meta property="og:type" content="article" />
<meta property="og:title" content="VA-Caravan säsongsskydd för husbilar | VA-Varuste" />
<meta property="og:description" content="VA-Caravan måttbeställt säsongsskydd för husbilar och husvagnar. PVC/PU-tyg, glasfiberram, 30–40 cm snölast. Beställ från VA-Varuste." />
<meta property="og:url" content="https://va-varuste.fi/tuote/va-caravan/" />
<meta property="og:site_name" content="VA-Varuste" />
<meta property="article:publisher" content="https://www.facebook.com/vavarustefi/" />
<meta property="article:modified_time" content="2026-03-25T11:27:11+00:00" />
<meta property="og:image" content="https://va-varuste.fi/wp-content/uploads/2023/10/image_188.jpg" />
	<meta property="og:image:width" content="940" />
	<meta property="og:image:height" content="563" />
	<meta property="og:image:type" content="image/jpeg" />
<meta name="twitter:card" content="summary_large_image" />
<meta name="twitter:label1" content="Beräknad lästid" />
	<meta name="twitter:data1" content="1 minut" />
<script type="application/ld+json" class="yoast-schema-graph">{"@context":"https:\/\/schema.org","@graph":[{"@type":"WebPage","@id":"https:\/\/va-varuste.fi\/tuote\/va-caravan\/","url":"https:\/\/va-varuste.fi\/tuote\/va-caravan\/","name":"VA-Caravan säsongsskydd för husbilar | VA-Varuste","isPartOf":{"@id":"https:\/\/va-varuste.fi\/#website"},"primaryImageOfPage":{"@id":"https:\/\/va-varuste.fi\/tuote\/va-caravan\/#primaryimage"},"image":{"@id":"https:\/\/va-varuste.fi\/tuote\/va-caravan\/#primaryimage"},"thumbnailUrl":"https:\/\/va-varuste.fi\/wp-content\/uploads\/2023\/10\/image_188.jpg","datePublished":"2023-10-26T08:33:32+00:00","dateModified":"2026-03-25T11:27:11+00:00","description":"VA-Caravan måttbeställt säsongsskydd för husbilar och husvagnar. PVC\/PU-tyg, glasfiberram, 30–40 cm snölast. Beställ från VA-Varuste.","breadcrumb":{"@id":"https:\/\/va-varuste.fi\/tuote\/va-caravan\/#breadcrumb"},"inLanguage":"sv-SE","potentialAction":[{"@type":"ReadAction","target":["https:\/\/va-varuste.fi\/tuote\/va-caravan\/"]}]},{"@type":"ImageObject","inLanguage":"sv-SE","@id":"https:\/\/va-varuste.fi\/tuote\/va-caravan\/#primaryimage","url":"https:\/\/va-varuste.fi\/wp-content\/uploads\/2023\/10\/image_188.jpg","contentUrl":"https:\/\/va-varuste.fi\/wp-content\/uploads\/2023\/10\/image_188.jpg","width":940,"height":563},{"@type":"BreadcrumbList","@id":"https:\/\/va-varuste.fi\/tuote\/va-caravan\/#breadcrumb","itemListElement":[{"@type":"ListItem","position":1,"name":"Etusivu","item":"https:\/\/va-varuste.fi\/sv\/"},{"@type":"ListItem","position":2,"name":"Webbutik","item":"https:\/\/va-varuste.fi\/sv\/webbutik\/"},{"@type":"ListItem","position":3,"name":"VA-Caravan Säsongsskydd"}]},{"@type":"WebSite","@id":"https:\/\/va-varuste.fi\/#website","url":"https:\/\/va-varuste.fi\/","name":"VA-Varuste","description":"","publisher":{"@id":"https:\/\/va-varuste.fi\/#organization"},"potentialAction":[{"@type":"SearchAction","target":{"@type":"EntryPoint","urlTemplate":"https:\/\/va-varuste.fi\/?s={search_term_string}"},"query-input":{"@type":"PropertyValueSpecification","valueRequired":true,"valueName":"search_term_string"}}],"inLanguage":"sv-SE"},{"@type":"Organization","@id":"https:\/\/va-varuste.fi\/#organization","name":"VA-Varuste","url":"https:\/\/va-varuste.fi\/","logo":{"@type":"ImageObject","inLanguage":"sv-SE","@id":"https:\/\/va-varuste.fi\/#\/schema\/logo\/image\/","url":"https:\/\/va-varuste.fi\/wp-content\/uploads\/2023\/09\/va-logo.svg","contentUrl":"https:\/\/va-varuste.fi\/wp-content\/uploads\/2023\/09\/va-logo.svg","caption":"VA-Varuste"},"image":{"@id":"https:\/\/va-varuste.fi\/#\/schema\/logo\/image\/"},"sameAs":["https:\/\/www.facebook.com\/vavarustefi\/","https:\/\/www.instagram.com\/vavaruste\/"]}]}</script>
<!-- / Yoast SEO plugin. -->

VA-Caravan säsongsskydd för husbilar | VA-Varuste

VA-Caravan måttbeställt säsongsskydd för husbilar och husvagnar. PVC/PU-tyg, glasfiberram, 30–40 cm snölast. Beställ från VA-Varuste.
