{"id":234685,"date":"2025-10-30T12:52:53","date_gmt":"2025-10-30T10:52:53","guid":{"rendered":"https:\/\/va-varuste.fi\/?post_type=product&#038;p=234685"},"modified":"2026-03-26T13:38:36","modified_gmt":"2026-03-26T11:38:36","slug":"p091-ruskea","status":"publish","type":"product","link":"https:\/\/va-varuste.fi\/sv\/produkt\/p091-ruskea\/","title":{"rendered":"P091 Ebene \/ Brun"},"content":{"rendered":"<p>Sunbrella Plus P091 Ebene \u00e4r ett h\u00f6gkvalitativt akrylv\u00e4vt tyg f\u00f6r tillverkning och reparation av b\u00e5tkapell, \u00f6verdrag och soltak. Tyget \u00e4r 100 % l\u00f6sningsf\u00e4rgad akryl, vilket garanterar utm\u00e4rkt f\u00e4rgbest\u00e4ndighet och l\u00e5ng livsl\u00e4ngd.<\/p>\n<p>Tyget \u00e4r 152 cm brett och v\u00e4ger 320 g\/m\u00b2. Vattenavvisande behandling och polyuretanbel\u00e4ggning (PU) p\u00e5 ena sidan ger en vattenpelare p\u00e5 \u00f6ver 1000 mm. UV-best\u00e4ndigheten \u00e4r utm\u00e4rkt (ISO 105 B02 \u2265 7\/8) och tyget erbjuder UPF 50+-skydd.<\/p>\n<p>Sunbrella Plus \u00e4r det branschledande kapelltyget som anv\u00e4nds i professionell marin textilproduktion v\u00e4rlden \u00f6ver. VA-Varuste anv\u00e4nder Sunbrella Plus-tyg i sin egen kapellproduktion.<\/p>\n<p>Ebene \u00e4r en m\u00f6rk brun nyans fr\u00e5n den nyare Sunbrella Plus P-serien. Ett varmt och stilfullt val, s\u00e4rskilt f\u00f6r tr\u00e4- och klassiska b\u00e5tkapell.<\/p>\n<p><a href=\"https:\/\/sunbrella.dickson-constant.com\/media\/catalog\/product\/d\/i\/digital_brochure_sunbrella_plus_sunbrella_plus_recycled_2657155.pdf\" target=\"_blank\" rel=\"noopener\">Sunbrella Plus produktbroschyr (PDF)<\/a><\/p>\n<p>S\u00e4ljs per meter. M\u00e5ttbest\u00e4llda produkter kan inte returneras eller bytas.<\/p>\n","protected":false},"excerpt":{"rendered":"<p>Sunbrella Plus P091 Ebene akrylv\u00e4vt tyg. 152 cm, 320 g\/m\u00b2, vattenpelare >1000 mm, UV 7\u20138\/8, UPF 50+. S\u00e4ljs per meter.<\/p>\n","protected":false},"featured_media":234682,"template":"","meta":[],"product_brand":[],"product_cat":[673],"product_tag":[],"class_list":{"0":"post-234685","1":"product","2":"type-product","3":"status-publish","4":"has-post-thumbnail","6":"product_cat-canopy-fabrics","8":"first","9":"instock","10":"taxable","11":"shipping-taxable","12":"purchasable","13":"product-type-simple"},"yoast_head":"<!-- This site is optimized with the Yoast SEO plugin v27.4 - https:\/\/yoast.com\/product\/yoast-seo-wordpress\/ -->\n<title>Sunbrella Plus P091 Ebene \/ Brun kapelltyg | VA-Varuste<\/title>\n<meta name=\"description\" content=\"Sunbrella Plus P091 Ebene akrylv\u00e4vt tyg. 152 cm, 320 g\/m\u00b2, vattenpelare \u00f6ver 1000 mm, UPF 50+. Best\u00e4ll fr\u00e5n VA-Varuste.\" \/>\n<meta name=\"robots\" content=\"index, follow, max-snippet:-1, max-image-preview:large, max-video-preview:-1\" \/>\n<link rel=\"canonical\" href=\"https:\/\/va-varuste.fi\/tuote\/p091-ruskea\/\" \/>\n<meta property=\"og:locale\" content=\"sv_SE\" \/>\n<meta property=\"og:type\" content=\"article\" \/>\n<meta property=\"og:title\" content=\"Sunbrella Plus P091 Ebene \/ Brun kapelltyg | VA-Varuste\" \/>\n<meta property=\"og:description\" content=\"Sunbrella Plus P091 Ebene akrylv\u00e4vt tyg. 152 cm, 320 g\/m\u00b2, vattenpelare \u00f6ver 1000 mm, UPF 50+. Best\u00e4ll fr\u00e5n VA-Varuste.\" \/>\n<meta property=\"og:url\" content=\"https:\/\/va-varuste.fi\/tuote\/p091-ruskea\/\" \/>\n<meta property=\"og:site_name\" content=\"VA-Varuste\" \/>\n<meta property=\"article:publisher\" content=\"https:\/\/www.facebook.com\/vavarustefi\/\" \/>\n<meta property=\"article:modified_time\" content=\"2026-03-26T11:38:36+00:00\" \/>\n<meta property=\"og:image\" content=\"https:\/\/va-varuste.fi\/wp-content\/uploads\/2025\/10\/sb-ruskea-ebene-p091.jpg\" \/>\n\t<meta property=\"og:image:width\" content=\"950\" \/>\n\t<meta property=\"og:image:height\" content=\"950\" \/>\n\t<meta property=\"og:image:type\" content=\"image\/jpeg\" \/>\n<meta name=\"twitter:card\" content=\"summary_large_image\" \/>\n<meta name=\"twitter:label1\" content=\"Ber\u00e4knad l\u00e4stid\" \/>\n\t<meta name=\"twitter:data1\" content=\"1 minut\" \/>\n<script type=\"application\/ld+json\" class=\"yoast-schema-graph\">{\"@context\":\"https:\\\/\\\/schema.org\",\"@graph\":[{\"@type\":\"WebPage\",\"@id\":\"https:\\\/\\\/va-varuste.fi\\\/tuote\\\/p091-ruskea\\\/\",\"url\":\"https:\\\/\\\/va-varuste.fi\\\/tuote\\\/p091-ruskea\\\/\",\"name\":\"Sunbrella Plus P091 Ebene \\\/ Brun kapelltyg | VA-Varuste\",\"isPartOf\":{\"@id\":\"https:\\\/\\\/va-varuste.fi\\\/#website\"},\"primaryImageOfPage\":{\"@id\":\"https:\\\/\\\/va-varuste.fi\\\/tuote\\\/p091-ruskea\\\/#primaryimage\"},\"image\":{\"@id\":\"https:\\\/\\\/va-varuste.fi\\\/tuote\\\/p091-ruskea\\\/#primaryimage\"},\"thumbnailUrl\":\"https:\\\/\\\/va-varuste.fi\\\/wp-content\\\/uploads\\\/2025\\\/10\\\/sb-ruskea-ebene-p091.jpg\",\"datePublished\":\"2025-10-30T10:52:53+00:00\",\"dateModified\":\"2026-03-26T11:38:36+00:00\",\"description\":\"Sunbrella Plus P091 Ebene akrylv\u00e4vt tyg. 152 cm, 320 g\\\/m\u00b2, vattenpelare \u00f6ver 1000 mm, UPF 50+. Best\u00e4ll fr\u00e5n VA-Varuste.\",\"breadcrumb\":{\"@id\":\"https:\\\/\\\/va-varuste.fi\\\/tuote\\\/p091-ruskea\\\/#breadcrumb\"},\"inLanguage\":\"sv-SE\",\"potentialAction\":[{\"@type\":\"ReadAction\",\"target\":[\"https:\\\/\\\/va-varuste.fi\\\/tuote\\\/p091-ruskea\\\/\"]}]},{\"@type\":\"ImageObject\",\"inLanguage\":\"sv-SE\",\"@id\":\"https:\\\/\\\/va-varuste.fi\\\/tuote\\\/p091-ruskea\\\/#primaryimage\",\"url\":\"https:\\\/\\\/va-varuste.fi\\\/wp-content\\\/uploads\\\/2025\\\/10\\\/sb-ruskea-ebene-p091.jpg\",\"contentUrl\":\"https:\\\/\\\/va-varuste.fi\\\/wp-content\\\/uploads\\\/2025\\\/10\\\/sb-ruskea-ebene-p091.jpg\",\"width\":950,\"height\":950},{\"@type\":\"BreadcrumbList\",\"@id\":\"https:\\\/\\\/va-varuste.fi\\\/tuote\\\/p091-ruskea\\\/#breadcrumb\",\"itemListElement\":[{\"@type\":\"ListItem\",\"position\":1,\"name\":\"Etusivu\",\"item\":\"https:\\\/\\\/va-varuste.fi\\\/sv\\\/\"},{\"@type\":\"ListItem\",\"position\":2,\"name\":\"Webbutik\",\"item\":\"https:\\\/\\\/va-varuste.fi\\\/sv\\\/webbutik\\\/\"},{\"@type\":\"ListItem\",\"position\":3,\"name\":\"P091 Ebene \\\/ Brun\"}]},{\"@type\":\"WebSite\",\"@id\":\"https:\\\/\\\/va-varuste.fi\\\/#website\",\"url\":\"https:\\\/\\\/va-varuste.fi\\\/\",\"name\":\"VA-Varuste\",\"description\":\"\",\"publisher\":{\"@id\":\"https:\\\/\\\/va-varuste.fi\\\/#organization\"},\"potentialAction\":[{\"@type\":\"SearchAction\",\"target\":{\"@type\":\"EntryPoint\",\"urlTemplate\":\"https:\\\/\\\/va-varuste.fi\\\/?s={search_term_string}\"},\"query-input\":{\"@type\":\"PropertyValueSpecification\",\"valueRequired\":true,\"valueName\":\"search_term_string\"}}],\"inLanguage\":\"sv-SE\"},{\"@type\":\"Organization\",\"@id\":\"https:\\\/\\\/va-varuste.fi\\\/#organization\",\"name\":\"VA-Varuste\",\"url\":\"https:\\\/\\\/va-varuste.fi\\\/\",\"logo\":{\"@type\":\"ImageObject\",\"inLanguage\":\"sv-SE\",\"@id\":\"https:\\\/\\\/va-varuste.fi\\\/#\\\/schema\\\/logo\\\/image\\\/\",\"url\":\"https:\\\/\\\/va-varuste.fi\\\/wp-content\\\/uploads\\\/2023\\\/09\\\/va-logo.svg\",\"contentUrl\":\"https:\\\/\\\/va-varuste.fi\\\/wp-content\\\/uploads\\\/2023\\\/09\\\/va-logo.svg\",\"caption\":\"VA-Varuste\"},\"image\":{\"@id\":\"https:\\\/\\\/va-varuste.fi\\\/#\\\/schema\\\/logo\\\/image\\\/\"},\"sameAs\":[\"https:\\\/\\\/www.facebook.com\\\/vavarustefi\\\/\",\"https:\\\/\\\/www.instagram.com\\\/vavaruste\\\/\"]}]}<\/script>\n<!-- \/ Yoast SEO plugin. -->","yoast_head_json":{"title":"Sunbrella Plus P091 Ebene \/ Brun kapelltyg | VA-Varuste","description":"Sunbrella Plus P091 Ebene akrylv\u00e4vt tyg. 152 cm, 320 g\/m\u00b2, vattenpelare \u00f6ver 1000 mm, UPF 50+. Best\u00e4ll fr\u00e5n VA-Varuste.","robots":{"index":"index","follow":"follow","max-snippet":"max-snippet:-1","max-image-preview":"max-image-preview:large","max-video-preview":"max-video-preview:-1"},"canonical":"https:\/\/va-varuste.fi\/tuote\/p091-ruskea\/","og_locale":"sv_SE","og_type":"article","og_title":"Sunbrella Plus P091 Ebene \/ Brun kapelltyg | VA-Varuste","og_description":"Sunbrella Plus P091 Ebene akrylv\u00e4vt tyg. 152 cm, 320 g\/m\u00b2, vattenpelare \u00f6ver 1000 mm, UPF 50+. Best\u00e4ll fr\u00e5n VA-Varuste.","og_url":"https:\/\/va-varuste.fi\/tuote\/p091-ruskea\/","og_site_name":"VA-Varuste","article_publisher":"https:\/\/www.facebook.com\/vavarustefi\/","article_modified_time":"2026-03-26T11:38:36+00:00","og_image":[{"width":950,"height":950,"url":"https:\/\/va-varuste.fi\/wp-content\/uploads\/2025\/10\/sb-ruskea-ebene-p091.jpg","type":"image\/jpeg"}],"twitter_card":"summary_large_image","twitter_misc":{"Ber\u00e4knad l\u00e4stid":"1 minut"},"schema":{"@context":"https:\/\/schema.org","@graph":[{"@type":"WebPage","@id":"https:\/\/va-varuste.fi\/tuote\/p091-ruskea\/","url":"https:\/\/va-varuste.fi\/tuote\/p091-ruskea\/","name":"Sunbrella Plus P091 Ebene \/ Brun kapelltyg | VA-Varuste","isPartOf":{"@id":"https:\/\/va-varuste.fi\/#website"},"primaryImageOfPage":{"@id":"https:\/\/va-varuste.fi\/tuote\/p091-ruskea\/#primaryimage"},"image":{"@id":"https:\/\/va-varuste.fi\/tuote\/p091-ruskea\/#primaryimage"},"thumbnailUrl":"https:\/\/va-varuste.fi\/wp-content\/uploads\/2025\/10\/sb-ruskea-ebene-p091.jpg","datePublished":"2025-10-30T10:52:53+00:00","dateModified":"2026-03-26T11:38:36+00:00","description":"Sunbrella Plus P091 Ebene akrylv\u00e4vt tyg. 152 cm, 320 g\/m\u00b2, vattenpelare \u00f6ver 1000 mm, UPF 50+. Best\u00e4ll fr\u00e5n VA-Varuste.","breadcrumb":{"@id":"https:\/\/va-varuste.fi\/tuote\/p091-ruskea\/#breadcrumb"},"inLanguage":"sv-SE","potentialAction":[{"@type":"ReadAction","target":["https:\/\/va-varuste.fi\/tuote\/p091-ruskea\/"]}]},{"@type":"ImageObject","inLanguage":"sv-SE","@id":"https:\/\/va-varuste.fi\/tuote\/p091-ruskea\/#primaryimage","url":"https:\/\/va-varuste.fi\/wp-content\/uploads\/2025\/10\/sb-ruskea-ebene-p091.jpg","contentUrl":"https:\/\/va-varuste.fi\/wp-content\/uploads\/2025\/10\/sb-ruskea-ebene-p091.jpg","width":950,"height":950},{"@type":"BreadcrumbList","@id":"https:\/\/va-varuste.fi\/tuote\/p091-ruskea\/#breadcrumb","itemListElement":[{"@type":"ListItem","position":1,"name":"Etusivu","item":"https:\/\/va-varuste.fi\/sv\/"},{"@type":"ListItem","position":2,"name":"Webbutik","item":"https:\/\/va-varuste.fi\/sv\/webbutik\/"},{"@type":"ListItem","position":3,"name":"P091 Ebene \/ Brun"}]},{"@type":"WebSite","@id":"https:\/\/va-varuste.fi\/#website","url":"https:\/\/va-varuste.fi\/","name":"VA-Varuste","description":"","publisher":{"@id":"https:\/\/va-varuste.fi\/#organization"},"potentialAction":[{"@type":"SearchAction","target":{"@type":"EntryPoint","urlTemplate":"https:\/\/va-varuste.fi\/?s={search_term_string}"},"query-input":{"@type":"PropertyValueSpecification","valueRequired":true,"valueName":"search_term_string"}}],"inLanguage":"sv-SE"},{"@type":"Organization","@id":"https:\/\/va-varuste.fi\/#organization","name":"VA-Varuste","url":"https:\/\/va-varuste.fi\/","logo":{"@type":"ImageObject","inLanguage":"sv-SE","@id":"https:\/\/va-varuste.fi\/#\/schema\/logo\/image\/","url":"https:\/\/va-varuste.fi\/wp-content\/uploads\/2023\/09\/va-logo.svg","contentUrl":"https:\/\/va-varuste.fi\/wp-content\/uploads\/2023\/09\/va-logo.svg","caption":"VA-Varuste"},"image":{"@id":"https:\/\/va-varuste.fi\/#\/schema\/logo\/image\/"},"sameAs":["https:\/\/www.facebook.com\/vavarustefi\/","https:\/\/www.instagram.com\/vavaruste\/"]}]}},"_links":{"self":[{"href":"https:\/\/va-varuste.fi\/sv\/wp-json\/wp\/v2\/product\/234685","targetHints":{"allow":["GET"]}}],"collection":[{"href":"https:\/\/va-varuste.fi\/sv\/wp-json\/wp\/v2\/product"}],"about":[{"href":"https:\/\/va-varuste.fi\/sv\/wp-json\/wp\/v2\/types\/product"}],"wp:featuredmedia":[{"embeddable":true,"href":"https:\/\/va-varuste.fi\/sv\/wp-json\/wp\/v2\/media\/234682"}],"wp:attachment":[{"href":"https:\/\/va-varuste.fi\/sv\/wp-json\/wp\/v2\/media?parent=234685"}],"wp:term":[{"taxonomy":"product_brand","embeddable":true,"href":"https:\/\/va-varuste.fi\/sv\/wp-json\/wp\/v2\/product_brand?post=234685"},{"taxonomy":"product_cat","embeddable":true,"href":"https:\/\/va-varuste.fi\/sv\/wp-json\/wp\/v2\/product_cat?post=234685"},{"taxonomy":"product_tag","embeddable":true,"href":"https:\/\/va-varuste.fi\/sv\/wp-json\/wp\/v2\/product_tag?post=234685"}],"curies":[{"name":"wp","href":"https:\/\/api.w.org\/{rel}","templated":true}]}}

<p>Sunbrella Plus P091 Ebene är ett högkvalitativt akrylvävt tyg för tillverkning och reparation av båtkapell, överdrag och soltak. Tyget är 100 % lösningsfärgad akryl, vilket garanterar utmärkt färgbeständighet och lång livslängd.</p>
<p>Tyget är 152 cm brett och väger 320 g/m². Vattenavvisande behandling och polyuretanbeläggning (PU) på ena sidan ger en vattenpelare på över 1000 mm. UV-beständigheten är utmärkt (ISO 105 B02 ≥ 7/8) och tyget erbjuder UPF 50+-skydd.</p>
<p>Sunbrella Plus är det branschledande kapelltyget som används i professionell marin textilproduktion världen över. VA-Varuste använder Sunbrella Plus-tyg i sin egen kapellproduktion.</p>
<p>Ebene är en mörk brun nyans från den nyare Sunbrella Plus P-serien. Ett varmt och stilfullt val, särskilt för trä- och klassiska båtkapell.</p>
<p><a href="https://sunbrella.dickson-constant.com/media/catalog/product/d/i/digital_brochure_sunbrella_plus_sunbrella_plus_recycled_2657155.pdf" target="_blank" rel="noopener">Sunbrella Plus produktbroschyr (PDF)</a></p>
<p>Säljs per meter. Måttbeställda produkter kan inte returneras eller bytas.</p>

<p>Sunbrella Plus P091 Ebene akrylvävt tyg. 152 cm, 320 g/m², vattenpelare >1000 mm, UV 7–8/8, UPF 50+. Säljs per meter.</p>

<!-- This site is optimized with the Yoast SEO plugin v27.4 - https://yoast.com/product/yoast-seo-wordpress/ -->
<title>Sunbrella Plus P091 Ebene / Brun kapelltyg | VA-Varuste</title>
<meta name="description" content="Sunbrella Plus P091 Ebene akrylvävt tyg. 152 cm, 320 g/m², vattenpelare över 1000 mm, UPF 50+. Beställ från VA-Varuste." />
<meta name="robots" content="index, follow, max-snippet:-1, max-image-preview:large, max-video-preview:-1" />
<link rel="canonical" href="https://va-varuste.fi/tuote/p091-ruskea/" />
<meta property="og:locale" content="sv_SE" />
<meta property="og:type" content="article" />
<meta property="og:title" content="Sunbrella Plus P091 Ebene / Brun kapelltyg | VA-Varuste" />
<meta property="og:description" content="Sunbrella Plus P091 Ebene akrylvävt tyg. 152 cm, 320 g/m², vattenpelare över 1000 mm, UPF 50+. Beställ från VA-Varuste." />
<meta property="og:url" content="https://va-varuste.fi/tuote/p091-ruskea/" />
<meta property="og:site_name" content="VA-Varuste" />
<meta property="article:publisher" content="https://www.facebook.com/vavarustefi/" />
<meta property="article:modified_time" content="2026-03-26T11:38:36+00:00" />
<meta property="og:image" content="https://va-varuste.fi/wp-content/uploads/2025/10/sb-ruskea-ebene-p091.jpg" />
	<meta property="og:image:width" content="950" />
	<meta property="og:image:height" content="950" />
	<meta property="og:image:type" content="image/jpeg" />
<meta name="twitter:card" content="summary_large_image" />
<meta name="twitter:label1" content="Beräknad lästid" />
	<meta name="twitter:data1" content="1 minut" />
<script type="application/ld+json" class="yoast-schema-graph">{"@context":"https:\/\/schema.org","@graph":[{"@type":"WebPage","@id":"https:\/\/va-varuste.fi\/tuote\/p091-ruskea\/","url":"https:\/\/va-varuste.fi\/tuote\/p091-ruskea\/","name":"Sunbrella Plus P091 Ebene \/ Brun kapelltyg | VA-Varuste","isPartOf":{"@id":"https:\/\/va-varuste.fi\/#website"},"primaryImageOfPage":{"@id":"https:\/\/va-varuste.fi\/tuote\/p091-ruskea\/#primaryimage"},"image":{"@id":"https:\/\/va-varuste.fi\/tuote\/p091-ruskea\/#primaryimage"},"thumbnailUrl":"https:\/\/va-varuste.fi\/wp-content\/uploads\/2025\/10\/sb-ruskea-ebene-p091.jpg","datePublished":"2025-10-30T10:52:53+00:00","dateModified":"2026-03-26T11:38:36+00:00","description":"Sunbrella Plus P091 Ebene akrylvävt tyg. 152 cm, 320 g\/m², vattenpelare över 1000 mm, UPF 50+. Beställ från VA-Varuste.","breadcrumb":{"@id":"https:\/\/va-varuste.fi\/tuote\/p091-ruskea\/#breadcrumb"},"inLanguage":"sv-SE","potentialAction":[{"@type":"ReadAction","target":["https:\/\/va-varuste.fi\/tuote\/p091-ruskea\/"]}]},{"@type":"ImageObject","inLanguage":"sv-SE","@id":"https:\/\/va-varuste.fi\/tuote\/p091-ruskea\/#primaryimage","url":"https:\/\/va-varuste.fi\/wp-content\/uploads\/2025\/10\/sb-ruskea-ebene-p091.jpg","contentUrl":"https:\/\/va-varuste.fi\/wp-content\/uploads\/2025\/10\/sb-ruskea-ebene-p091.jpg","width":950,"height":950},{"@type":"BreadcrumbList","@id":"https:\/\/va-varuste.fi\/tuote\/p091-ruskea\/#breadcrumb","itemListElement":[{"@type":"ListItem","position":1,"name":"Etusivu","item":"https:\/\/va-varuste.fi\/sv\/"},{"@type":"ListItem","position":2,"name":"Webbutik","item":"https:\/\/va-varuste.fi\/sv\/webbutik\/"},{"@type":"ListItem","position":3,"name":"P091 Ebene \/ Brun"}]},{"@type":"WebSite","@id":"https:\/\/va-varuste.fi\/#website","url":"https:\/\/va-varuste.fi\/","name":"VA-Varuste","description":"","publisher":{"@id":"https:\/\/va-varuste.fi\/#organization"},"potentialAction":[{"@type":"SearchAction","target":{"@type":"EntryPoint","urlTemplate":"https:\/\/va-varuste.fi\/?s={search_term_string}"},"query-input":{"@type":"PropertyValueSpecification","valueRequired":true,"valueName":"search_term_string"}}],"inLanguage":"sv-SE"},{"@type":"Organization","@id":"https:\/\/va-varuste.fi\/#organization","name":"VA-Varuste","url":"https:\/\/va-varuste.fi\/","logo":{"@type":"ImageObject","inLanguage":"sv-SE","@id":"https:\/\/va-varuste.fi\/#\/schema\/logo\/image\/","url":"https:\/\/va-varuste.fi\/wp-content\/uploads\/2023\/09\/va-logo.svg","contentUrl":"https:\/\/va-varuste.fi\/wp-content\/uploads\/2023\/09\/va-logo.svg","caption":"VA-Varuste"},"image":{"@id":"https:\/\/va-varuste.fi\/#\/schema\/logo\/image\/"},"sameAs":["https:\/\/www.facebook.com\/vavarustefi\/","https:\/\/www.instagram.com\/vavaruste\/"]}]}</script>
<!-- / Yoast SEO plugin. -->

Sunbrella Plus P091 Ebene akrylvävt tyg. 152 cm, 320 g/m², vattenpelare över 1000 mm, UPF 50+. Beställ från VA-Varuste.
